t common factor of k and 136.
17
Let q = -26 + 34. Calculate the greatest common divisor of q and 40.
8
Let m be 4 + -3 + 0 - 4. Let b = -2 - m. Calculate the greatest common divisor of 2 and b.
1
Let w(r) = -13*r + 4. Let d be w(-7). Suppose 2*a + 3*a + 3*f - d = 0, 2*f = -2*a + 42. What is the highest common factor of 144 and a?
16
Let g be (-10)/20 + 19/2. What is the highest common factor of 36 and g?
9
Suppose -23 = 3*w - 5*p, 3*p + 5 = -3*w + 14. Let t be (-1)/(w/2*-2). Let f(b) = -9*b + 1. Let i be f(t). What is the highest common divisor of 110 and i?
10
Let j = -99 + 40. Let g = j + 404. Let q = g - 241. Calculate the greatest common factor of q and 13.
13
Suppose -2*x - 78 = -w, -x - 57 = -w + 24. What is the highest common divisor of 12 and w?
12
Let r be (243/(-54))/((-6)/256). What is the greatest common divisor of r and 6?
6
Let b be -2 + (-3)/(-1) + -1. Suppose 2*k - 19 + 5 = b. Let m = -71 + 120. What is the greatest common factor of k and m?
7
Suppose -4*x + 20 = -0. Suppose 2*b = -5*g + g + 18, x*b = 3*g + 45. What is the highest common divisor of b and 18?
9
Let y(r) = r**2 - 7*r + 9. Let z be y(6). Suppose 2*g = z*g - 10. Calculate the greatest common factor of g and 2.
2
Let q(m) = m + 12. Let z be q(-7). Suppose -z*s + 5 = -0*s. What is the highest common factor of 5 and s?
1
Let h be ((-1)/(-3))/(10/(-30)). Let l be 1/(-1 + h + 3). What is the greatest common factor of 9 and l?
1
Let w(o) = o - 4. Let r be w(6). Suppose -6*b + 1 = -17. What is the highest common factor of b and r?
1
Let c(u) = -u**3 + 10*u**2 - 9*u + 1. Let q be c(7). Calculate the greatest common divisor of q and 17.
17
Let j(b) = -b**2 + 11*b - 6. Let q be j(7). Let a = q - -4. What is the highest common divisor of 26 and a?
26
Suppose -3*s - s + 108 = 0. Suppose 0 = 4*r - 5*r + s. Let q = 361 - 343. Calculate the greatest common factor of r and q.
9
Suppose -5*c = -3*c - 14. Calculate the highest common factor of 21 and c.
7
Let f be -3 - -1 - (1 - -3). Let a be 100/f + (-3)/9. Let b = 32 + a. What is the highest common factor of 15 and b?
15
Let r(l) = l**2 - 2*l - 1. Let t be 2 + (17 + -2)/(-3). Let z be r(t). Calculate the highest common factor of 112 and z.
14
Let s be (0 - -3)/(3*1/9). What is the greatest common factor of s and 1?
1
Let r be -2*(4 + -2)*1. Let w(a) = a**2 + 4*a + 2. Let v be w(r). Let i be 6*(24/9)/4. What is the highest common divisor of v and i?
2
Let m be (-8*1)/((-4)/6). Suppose -5*d + 3*d = -t - 2, 3*d = 2*t + 1. What is the highest common divisor of t and m?
4
Let z be (2/5)/(15/675). What is the greatest common factor of z and 6?
6
Let t be (-300)/(-78) + 4/26. Calculate the highest common divisor of t and 2.
2
Suppose -4*q + 5*r + 43 = -0*q, -3*r = 3*q - 66. Let y(n) = -n - 1. Let f be y(-3). Suppose f*t = -t + 153. Calculate the highest common factor of t and q.
17
Let m = -4 + 7. Suppose -3*t - 55 = -7*t - m*a, -4*a - 48 = -4*t. Calculate the highest common factor of t and 52.
13
Let l(b) = b + 17. Let c be l(0). What is the greatest common divisor of c and 68?
17
Suppose 3*q - 495 = 150. Let t = -149 + q. Calculate the greatest common divisor of t and 22.
22
Suppose -4*k + 63 = 2*v - 5*v, -5*v - 35 = -2*k. What is the greatest common divisor of 10 and k?
5
Suppose -2*r - 14 = -2*u + 26, 4*u = 5*r + 84. What is the greatest common divisor of u and 48?
16
Let w(v) = -v**2 - 17*v - 27. Let c be w(-13). Let l = -157 - -257. What is the greatest common divisor of c and l?
25
Suppose 0 = -6*r + 9*r. Let h = -5 - -2. Let u = r - h. What is the highest common divisor of u and 9?
3
Let l(p) be the first derivative of p**4/4 + 7*p**3/3 + 3*p + 1. Let n be l(-6). What is the greatest common factor of n and 26?
13
Suppose -5*b + b = -f + 100, 5*f + b - 563 = 0. Calculate the highest common factor of f and 14.
14
Let q = 357 + -230. Suppose 4 = -n + q. Suppose -d + n = 25. Calculate the greatest common divisor of d and 14.
14
Suppose -5*y = -5*q - 25, -4*q + 7*q + 12 = 2*y. Let n be (q/(2/89))/(-1). Let b = n - 26. Calculate the highest common divisor of b and 9.
9
Suppose -4*u = 5*p - 409 - 186, -p + u + 119 = 0. Calculate the highest common divisor of 17 and p.
17
Suppose 0 = m + p - 17, -3*m + 2*p = 6*p - 48. What is the greatest common divisor of m and 180?
20
Let f be 4/(-3)*15/(-2). Let o(u) = u**3 - 3*u**2 - 2*u - 3. Let z be o(4). Suppose -s + z*s = 8. What is the highest common divisor of f and s?
2
Let r(m) = 2*m**2 - 2*m + 9. Let j be r(-5). What is the highest common factor of j and 46?
23
Suppose -4*z + 0*z + 46 = 5*q, -3*q + 2*z + 10 = 0. Suppose 0 = 2*g - 4*g + 4, 2*x + 4*g = 104. Calculate the highest common factor of q and x.
6
Suppose -2*v - 22 = s - 4*s, 2 = 3*s + 2*v. Calculate the highest common factor of s and 64.
4
Let f = -4 + 9. Suppose -16*j + 200 = -11*j. What is the greatest common factor of j and f?
5
Let d be (-1)/(-2) + (-4)/8. Suppose 42 = -d*r + 3*r. What is the highest common factor of r and 21?
7
Let i(f) = -4*f - 5 + 0*f + 4 + 20*f + 2*f**2. Let x be i(-12). What is the greatest common factor of x and 19?
19
Let k = 28 + -19. Calculate the highest common factor of k and 9.
9
Let m(d) = 21*d**2 - 4*d + 2. Let i be m(2). Let l be 1/(-1) + 3 - -73. Suppose 5*y - l = -10. Calculate the greatest common factor of y and i.
13
Suppose 2*t - 55 = -3*t. Let a be 2/5*(-5 - 0). Let x be (198/4)/(a/(-4)). Calculate the highest common divisor of x and t.
11
Let k be 2/3 + (-3)/(-9). Let g = k - 0. Let u be (-3)/(-5) + (-4)/(-10). What is the highest common divisor of g and u?
1
Suppose 3*d - 5 - 1 = 0. Suppose 0 = d*r + c - 30, 8 = r - 7*c + 4*c. What is the highest common factor of r and 42?
14
Let i be (-18)/(-14) + 4/(-14). Let l be (-3)/9 + 26/6. Suppose i = 5*t - l. What is the highest common divisor of t and 5?
1
Suppose -5*x + 15 = 4*v, -2*v + 15 = 5*x - 3*v. Suppose -7*a = -x*a - 28. What is the highest common factor of a and 35?
7
Let u(d) = 2*d**2 - 4*d - 3. Let k be u(6). Suppose 0 = -3*i - 12 + k. Calculate the greatest common factor of i and 88.
11
Let s(w) = -11*w - 1. Let z be s(-3). What is the highest common divisor of 4 and z?
4
Let k(i) = -i**3 - 3*i**2 - i + 4. Let v be k(-4). What is the highest common divisor of v and 60?
12
Let q = 2 + -4. Let f be 3/6 + (-49)/q. What is the greatest common divisor of f and 225?
25
Let r(d) = d**2 + 3. Let k be r(-3). Calculate the greatest common divisor of 1 and k.
1
Let a = 152 - 139. Calculate the greatest common divisor of 13 and a.
13
Let a = 128 - 109. What is the greatest common factor of a and 38?
19
Suppose -c + 8 = c, 0 = a - 5*c + 18. Suppose a*n + 5 - 35 = 0. Let w = n - 7. What is the greatest common divisor of w and 12?
4
Let m be 3/2*(-32)/(-24). What is the greatest common divisor of 3 and m?
1
Let m = -15 - -65. Calculate the greatest common divisor of 450 and m.
50
Let x = -163 + 184. What is the highest common factor of 28 and x?
7
Let f = 2 + 2. Suppose -m - f*m = -55. Calculate the highest common factor of m and 88.
11
Let u(v) = 25*v + 3. Let k(i) = -38*i - 4. Let q(n) = 5*k(n) + 7*u(n). Let d be q(-1). Calculate the highest common divisor of 2 and d.
2
Let k = 5 + -1. Suppose w - 2*t - 6 + 0 = 0, 5*w - 4*t = 30. Let z be (132/18)/(k/w). Calculate the greatest common factor of z and 11.
11
Suppose 16*y + 330 = 27*y. What is the greatest common divisor of y and 12?
6
Let d = -46 + 86. Suppose -4*s = -2*s - 8. What is the greatest common factor of d and s?
4
Let x = -10 - -14. Let q be (4 + -2)*30/x. Calculate the greatest common divisor of 5 and q.
5
Suppose 14*b = 149 + 159. Calculate the greatest common divisor of 55 and b.
11
Suppose -4 = -2*i + 2. Suppose i = k - 0*k. Suppose -k*m = 3*n - 351, -4*n + 0*m + 477 = m. Calculate the greatest common divisor of n and 15.
15
Suppose -5*t + 2*h = -774, -t + h + 149 + 7 = 0. Suppose -4*p = -10 - 46. Calculate the highest common divisor of t and p.
14
Let a be 2/(2/(-4)*-1). Suppose -a*o + o = 0. Suppose -6*y + y + 10 = o. What is the greatest common factor of 20 and y?
2
Let v = 64 + -24. What is the greatest common factor of 8 and v?
8
Let r = -29 + 51. What is the greatest common factor of r and 154?
22
Suppose -k = 2*k. Suppose k*h = -4*h + 28. Let f be (-3)/(40/42 + -1). Calcul